.
201
Let z(b) = -6*b**3 - 1127*b**2 - 15566*b - 168. Determine z(-15).
-3
Let d(w) = w**3 + 2*w**2 - 287*w + 1498. Calculate d(-20).
38
Let b(k) = -9630*k + 54984. Calculate b(6).
-2796
Let d(l) = l**3 + 64*l**2 + 79*l + 661. What is d(-63)?
-347
Let o(y) = -13*y**2 + 9511*y + 28641. What is o(-3)?
-9
Let a(x) = -x**3 + 2*x**2 - 41*x - 815. Determine a(-8).
153
Let i(w) = w**2 - 241*w - 7223. What is i(-27)?
13
Let s(h) = -6*h**3 - 15*h**2 - 176*h - 299. Determine s(-2).
41
Let l(a) = -50*a + 1034. Determine l(24).
-166
Let j(r) = 2*r**2 + 26526*r - 584553. Calculate j(22).
-13
Let q(h) = 87*h**2 + 5698*h + 50225. What is q(-55)?
10
Let h(d) = -4*d**2 + 251*d - 2409. What is h(11)?
-132
Let h(w) = w**3 + 130*w**2 - 6471*w + 220. Determine h(38).
-3086
Let j(w) = w**3 - 108*w**2 + 212*w - 49. What is j(106)?
-49
Let i(a) = 17*a**3 - 798*a**2 - 70*a + 1093. What is i(47)?
12
Let x(c) = 86*c**2 + 515*c + 881. Determine x(-2).
195
Let d(v) = 5*v**3 - 37*v**2 + 520*v - 5308. Determine d(9).
20
Let i(x) = -2*x**3 - 26*x**2 + 39*x + 140. Calculate i(-14).
-14
Let h(n) = 6*n**2 - 377*n - 18329. Calculate h(95).
6
Let q(d) = -238*d + 7989. Calculate q(49).
-3673
Let f(y) = -9274*y - 686270. Determine f(-74).
6
Let p(h) = 120*h - 858. What is p(3)?
-498
Let l(n) = 751*n - 1191. What is l(6)?
3315
Let w(b) = 15629*b - 609533. Give w(39).
-2
Let h(b) = 3*b**2 - 1995*b + 249519. Determine h(498).
21
Let z(l) = 58*l**2 + 14206*l - 42602. Give z(3).
538
Let h(x) = 9*x**2 + 80*x - 4351. Give h(18).
5
Let a(i) = i**2 - 25*i - 586. Give a(-20).
314
Let p(u) = 528*u**2 - 4726*u + 248. Give p(9).
482
Let d(c) = c**2 - 12072*c - 60378. What is d(-5)?
7
Let w(a) = 2*a**3 - 14*a**2 - 9384*a + 74935. What is w(8)?
-9
Let x(p) = -674996*p + 4049943. Give x(6).
-33
Let n(t) = 529*t + 59274. Calculate n(-112).
26
Let p(r) = 3*r**2 - 1028*r + 10992. Calculate p(11).
47
Let u(y) = 34885*y + 453513. What is u(-13)?
8
Let z(l) = -637*l**2 + 9606*l - 713. Give z(15).
52
Let l(w) = 3*w**2 + 200*w - 321. Give l(-51).
-2718
Let p(i) = -22*i**3 - 45*i**2 - 30*i + 11. What is p(-3)?
290
Let d(q) = -1680*q + 50489. Give d(30).
89
Let j(k) = -5931278*k - 35587683. Determine j(-6).
-15
Let q(z) = 2*z**2 + 27*z - 330. Give q(-35).
1175
Let v(w) = 7*w**2 - 119*w + 430. What is v(0)?
430
Let q(t) = t**3 - 41*t**2 + 207*t - 2192. Determine q(37).
-9
Let h(u) = 3*u**2 - 62090*u - 434751. Give h(-7).
26
Let r(y) = -3*y**2 + 642*y + 8127. What is r(-12)?
-9
Let j(o) = 439*o - 12236. Determine j(28).
56
Let o(u) = 8*u**2 - 704*u + 14175. Calculate o(31).
39
Let h(x) = -x**2 - 230*x - 5487. Calculate h(-203).
-6
Let q(v) = v**3 + 265*v**2 + 159*v - 96361. Calculate q(-263).
160
Let c(l) = -78*l - 94. Calculate c(-15).
1076
Let q(i) = -i**3 + 38*i**2 + 160*i + 157. Calculate q(42).
-179
Let o(t) = -22*t**2 + 2617*t - 15760. What is o(6)?
-850
Let f(z) = -15*z**2 - 236*z + 611. Give f(-18).
-1
Let w(y) = 25*y**2 - 322*y - 4. What is w(13)?
35
Let l(x) = 2*x**3 - 85*x**2 + 480*x + 937. Calculate l(8).
361
Let d(w) = 7604*w + 137995. Calculate d(-18).
1123
Let z(a) = -2*a**3 + 250*a**2 - 957*a - 37. What is z(121)?
1294
Let y(l) = -6*l**2 + 1105*l - 2144. Calculate y(183).
-863
Let x(u) = -413*u + 76054. Determine x(184).
62
Let w(u) = 691647*u + 20749388. Give w(-30).
-22
Let c(t) = t**3 - 125*t**2 + 685*t - 85626. What is c(125)?
-1
Let a(g) = -161*g - 65836. Give a(-409).
13
Let g(b) = b**3 + 22*b**2 + 38*b - 40. Determine g(-7).
429
Let p(o) = -23*o**2 + 203*o + 3709. Give p(-9).
19
Let c(j) = -1130*j - 5632. Determine c(-6).
1148
Let k(n) = -n**3 - 206*n**2 + 840*n + 6. What is k(-210)?
6
Let s(q) = -100*q - 1742. Give s(-23).
558
Let z(o) = -9497*o**2 - 902212*o + 283. Give z(-95).
-2
Let l(m) = 177*m**3 - 2*m**2 - 205*m + 207. Determine l(1).
177
Let p(l) = 3*l**3 - 426*l**2 - 408*l - 2937. What is p(143)?
66
Let v(g) = 320*g + 3659. What is v(-8)?
1099
Let i(w) = w**3 - 126*w**2 - 464*w + 42852. What is i(127)?
53
Let i(t) = 4*t**2 - 11263*t + 45031. What is i(4)?
43
Let q(b) = -295*b**2 - 5279*b + 565. Calculate q(-18).
7
Let a(w) = 3*w**2 - 1867*w + 18359. Calculate a(10).
-11
Let f(y) = y**3 - y**2 - 53*y + 33. Calculate f(0).
33
Let u(v) = v**2 + 15979*v + 6. Give u(0).
6
Let x(d) = -3*d**3 - 245*d**2 - 4932*d - 486. Give x(-46).
-26
Let u(w) = -w**3 - 4*w**2 - 162*w - 1565. Give u(-8).
-13
Let v(b) = -b**3 + 5*b**2 - 20*b + 39. Determine v(3).
-3
Let c(n) = -3*n**2 - 11850*n + 190370. What is c(16)?
2
Let d(x) = -x**3 - 15*x**2 + 26*x + 339. Determine d(-8).
-317
Let r(d) = -d**3 + 12*d**2 - 517*d + 6256. Give r(12).
52
Let d(v) = 91*v**3 - 46*v**2 - 160*v - 94. Determine d(-3).
-2485
Let b(s) = 1975*s - 957975. Calculate b(485).
-100
Let j(b) = 2*b**2 - 196*b + 2281. Calculate j(78).
-839
Let x(l) = 57*l**2 + 26638*l + 8878. Give x(-467).
5
Let n(f) = -3*f**3 + 76*f**2 - 27*f + 1293. Give n(26).
-761
Let h(u) = 153*u**2 - 13739*u - 2799. Calculate h(90).
-9
Let b(h) = 29710*h**2 + 207990*h + 120. Calculate b(-7).
-20
Let a(o) = 595*o - 47447. Calculate a(80).
153
Let w(u) = 3070*u**3 - 5*u - 8. What is w(-1)?
-3073
Let w(o) = o**3 - 242*o**2 - 705*o + 52950. Determine w(244).
2
Let t(g) = -373*g**2 + 4418*g + 15. Calculate t(12).
-681
Let c(j) = -32*j**3 - 3839*j**2 + 20*j - 11986. Calculate c(-120).
14
Let a(z) = -10*z**2 - 153*z - 1909. Calculate a(-10).
-1379
Let y(d) = -3*d**3 - 115*d**2 + 86*d + 316. What is y(-39)?
4
Let l(c) = -69404*c + 485719. Give l(7).
-109
Let t(b) = 10295*b - 41176. Give t(4).
4
Let s(d) = -2*d**3 - 2173*d**2 + 1030*d - 61932. Give s(-1087).
27
Let b(t) = 3*t**2 + 76*t + 476. Give b(9).
1403
Let v(u) = -3*u**2 + 217*u - 1035. Calculate v(5).
-25
Let c(v) = -5*v**3 + 977*v**2 - 417*v + 5270. Calculate c(195).
5
Let h(p) = -283*p - 2130. Calculate h(-9).
417
Let h(f) = 20006*f + 339896. Give h(-17).
-206
Let c(h) = 2*h**2 + 223*h + 5226. Determine c(-76).
-170
Let y(l) = l**3 + 40*l**2 + 269*l + 5. Calculate y(-10).
315
Let v(p) = -3*p**2 - 51*p + 37139. Give v(103).
59
Let s(w) = 27095*w + 55436363. Give s(-2046).
-7
Let j(f) = 4015*f + 68460. Determine j(-17).
205
Let g(k) = -k**2 + 91*k - 2187. Give g(44).
-119
Let y(l) = -4*l**3 - 5*l**2 + 2660*l + 10550. Calculate y(-4).
86
Let h(g) = 2098*g - 6398. Calculate h(3).
-104
Let m(u) = 3*u**2 + 52*u - 772. Calculate m(-30).
368
Let i(j) = -82*j - 11237. What is i(-137)?
-3
Let y(z) = 13*z**3 + 129*z**2 + 104*z + 1197. What is y(-10)?
57
Let f(u) = -3*u**3 - 13*u**2 - u - 336. Calculate f(0).
-336
Let w(h) = -h**3 + 9*h**2 + 217*h - 2752. Give w(13).
-607
Let t(a) = -a**3 + 74*a**2 + 23*a - 1823. Calculate t(74).
-121
Let i(k) = -k**3 + 7296*k**2 - 152774*k - 23. What is i(21)?
-2
Let x(f) = 4*f**2 - 2865*f - 216718. Give x(-69).
11
Let d(n) = -11*n**2 + 279*n - 654. Give d(23).
-56
Let a(p) = p**3 - 17*p**2 + 144*p - 2586. Give a(17).
-138
Let f(i) = -2*i**3 + 21*i**2 - 80*i + 605. Give f(14).
-1887
Let v(w) = 13*w**3 - 167*w**2 - 40*w - 17. Determine v(13).
-199
Let u(d) = d**3 - 329*d**2 + 473*d - 47203. Calculate u(328).
357
Let s(y) = -y**3 - 83*y**2 + 2186*y + 203. Give s(-104).
-5
Let d(b) = 64*b**2 + 487*b - 210. Determine d(-8).
-10
Let c(m) = 7*m**2 - 543*m + 237. Calculate c(74).
-1613
Let r(w) = -2*w**3 + 250*w**2 + 6808*w - 254. Determine r(148).
-254
Let k(g) = 5*g**3 - g**2 - 503*g + 1006. What is k(2)?
36
Let o(b) = 3*b**2 + 23*b - 7213. What is o(-53)?
-5
Let i(u) = 728*u + 369095. Give i(-507).
-1
Let g(p) = -3*p**3 - 176*p**2 + 338*p + 26373. What is g(-58)?
41
Let z(w) = 131*w**2 + 38857*w + 38856. Calculate z(-1).
130
Let v(m) = 1960*m**2 - 11774*m + 75. Calculate v(6).
-9
Let r(t) = 48135*t + 1877291. Give r(-39).
26
Let d(u) = -3*u**2 - 4319*u - 43048. What is d(-10)?
-158
Let c(a) = -453*a + 4117. Determine c(9).
40
Let f(v) = v**3 - 49*v**2 - 335*v + 225. Determine f(55).
-50
Let j(q) = -541*q**3 - 28*q**2 - 52*q - 25. Give j(-1).
540
Let i(a) = -a**2 - 81009*a + 486089. Give i(6).
-1
Let p(y) = -1146*y + 22373. What is p(19)?
599
Let h(u) = -1551*u + 36227. Calculate h(24).
-997
Let x(l) = 5973*l**2 - 6123*l + 148. Calculate x(1).
-2
Let u(t) = t**3 - 12*t**2 - 58598*t + 644692. What is u(11)?
-7
Let j(n) = -57751*n - 173250. Calculate j(-3).
3
Let r(x) = -x**2 - 128*x + 45